 of 5325104?
4
What is the ten thousands digit of 116912?
1
What is the hundreds digit of 6739006?
0
What is the thousands digit of 3670373?
0
What is the thousands digit of 121385?
1
What is the tens digit of 88459?
5
What is the hundreds digit of 1609999?
9
What is the hundreds digit of 1854636?
6
What is the units digit of 6439778?
8
What is the tens digit of 546629?
2
What is the thousands digit of 748474?
8
What is the units digit of 251858?
8
What is the hundreds digit of 7253641?
6
What is the hundreds digit of 3190108?
1
What is the thousands digit of 1266383?
6
What is the tens digit of 13689753?
5
What is the millions digit of 16664557?
6
What is the thousands digit of 41411?
1
What is the units digit of 230230?
0
What is the thousands digit of 4995453?
5
What is the tens digit of 5610009?
0
What is the ten thousands digit of 34537357?
3
What is the millions digit of 5072216?
5
What is the units digit of 5341933?
3
What is the tens digit of 13389394?
9
What is the units digit of 73289?
9
What is the tens digit of 138850?
5
What is the hundreds digit of 429556?
5
What is the thousands digit of 1285705?
5
What is the hundred thousands digit of 1400799?
4
What is the ten thousands digit of 10976044?
7
What is the millions digit of 8357093?
8
What is the hundred thousands digit of 1837509?
8
What is the units digit of 183054?
4
What is the tens digit of 8238440?
4
What is the hundreds digit of 216120?
1
What is the hundred thousands digit of 113407?
1
What is the hundreds digit of 445348?
3
What is the units digit of 125798?
8
What is the units digit of 216700?
0
What is the millions digit of 3691387?
3
What is the ten thousands digit of 536496?
3
What is the hundreds digit of 931082?
0
What is the units digit of 64192?
2
What is the units digit of 397758?
8
What is the units digit of 89297?
7
What is the millions digit of 6248510?
6
What is the ten thousands digit of 271562?
7
What is the ten thousands digit of 38289?
3
What is the hundreds digit of 441791?
7
What is the units digit of 17632917?
7
What is the ten millions digit of 10731807?
1
What is the hundreds digit of 5008851?
8
What is the ten thousands digit of 2853818?
5
What is the millions digit of 1753766?
1
What is the hundred thousands digit of 887348?
8
What is the hundreds digit of 4618075?
0
What is the hundreds digit of 281255?
2
What is the ten thousands digit of 354595?
5
What is the tens digit of 2140864?
6
What is the hundred thousands digit of 3420059?
4
What is the hundreds digit of 543984?
9
What is the thousands digit of 8607521?
7
What is the ten millions digit of 30156263?
3
What is the hundred thousands digit of 26090228?
0
What is the thousands digit of 15706692?
6
What is the ten thousands digit of 42021?
4
What is the ten millions digit of 10487519?
1
What is the hundred thousands digit of 587132?
5
What is the tens digit of 504007?
0
What is the millions digit of 5763907?
5
What is the hundred thousands digit of 612398?
6
What is the thousands digit of 1259626?
9
What is the hundreds digit of 4557777?
7
What is the ten thousands digit of 207540?
0
What is the ten thousands digit of 679847?
7
What is the ten thousands digit of 12639874?
3
What is the thousands digit of 5236805?
6
What is the units digit of 55104?
4
What is the units digit of 1266166?
6
What is the hundreds digit of 739543?
5
What is the millions digit of 3760774?
3
What is the tens digit of 394978?
7
What is the hundreds digit of 494545?
5
What is the thousands digit of 3083297?
3
What is the hundreds digit of 5878615?
6
What is the thousands digit of 13479794?
9
What is the millions digit of 5029736?
5
What is the hundred thousands digit of 3128242?
1
What is the millions digit of 17731542?
7
What is the hundred thousands digit of 1352389?
3
What is the units digit of 212688?
8
What is the millions digit of 28696917?
8
What is the millions digit of 3634404?
3
What is the tens digit of 32524?
2
What is the ten thousands digit of 791971?
9
What is the tens digit of 15552957?
5
What is the millions digit of 4773102?
4
What is the units digit of 6985040?
0
What is the hundreds digit of 21578578?
5
What is the units digit of 740774?
4
What is the tens digit of 254139?
3
What is the units digit of 2049770?
0
What is the ten thousands digit of 1703466?
0
What is the units digit of 653603?
3
What is the ten thousands digit of 2499222?
9
What is the tens digit of 691858?
5
What is the thousands digit of 7177281?
7
What is the hundreds digit of 2311436?
4
What is the units digit of 47546?
6
What is the ten thousands digit of 106280?
0
What is the hundred thousands digit of 810252?
8
What is the millions digit of 8450528?
8
What is the hundred thousands digit of 5374023?
3
What is the hundred thousands digit of 121591?
1
What is the units digit of 3541707?
7
What is the tens digit of 2355233?
3
What is the units digit of 268317?
7
What is the thousands digit of 2603631?
3
What is the tens digit of 64405?
0
What is the hundreds digit of 9532541?
5
What is the hundreds digit of 3729?
7
What is the ten thousands digit of 619723?
1
What is the units digit of 731405?
5
What is the ten millions digit of 26325474?
2
What is the units digit of 152355?
5
What is the hundreds digit of 95181?
1
What is the ten thousands digit of 42341206?
4
What is the units digit of 25985725?
5
What is the tens digit of 330095?
9
What is the tens digit of 7483994?
9
What is the millions digit of 1318220?
1
What is the millions digit of 3697228?
3
What is the millions digit of 33058357?
3
What is the tens digit of 144277?
7
What is the ten thousands digit of 593066?
9
What is the hundred thousands digit of 310746?
3
What is the millions digit of 1950491?
1
What is the tens digit of 219967?
6
What is the tens digit of 1930662?
6
What is the hundreds digit of 8252466?
4
What is the tens digit of 320168?
6
What is the ten thousands digit of 2640712?
4
What is the tens digit of 24536517?
1
What is the thousands digit of 152130?
2
What is the ten thousands digit of 155057?
5
What is the tens digit of 25603824?
2
What is the hundred thousands digit of 14407277?
4
What is the ten thousands digit of 914200?
1
What is the tens digit of 238103?
0
What is the tens digit of 514174?
7
What is the tens digit of 246484?
8
What is the hundreds digit of 8854715?
7
What is the units digit of 81705?
5
What is the hundreds digit of 532931?
9
What is the hundreds digit of 4700828?
8
What is the hundred thousands digit of 384657?
3
What is the millions digit of 34061943?
4
What is the thousands digit of 39879?
9
What is the millions digit of 2939169?
2
What is the ten thousands digit of 374318?
7
What is the ten thousands digit of 3282834?
8
What is the ten thousands digit of 697819?
9
What is the tens digit of 8545679?
7
What is the ten millions digit of 19794773?
1
What is the units digit of 202573?
3
What is the units digit of 4753883?
3
What is the hundreds digit of 9866536?
5
What is the hundreds digit of 115134?
1
What is the thousands digit of 549398?
9
What is the ten millions digit of 13802174?
1
What is the millions digit of 2192709?
2
What is the thousands digit of 96542?
6
What is the hundred thousands digit of 4129236?
1
What is the thousands digit of 232311?
2
What is the thousands digit of 892374?
2
What is the thousands digit of 129298?
9
What is the ten millions digit of 27928213?
2
What is the thousands digit of 2385357?
5
What is the thousands digit of 1705880?
5
What is the millions digit of 1751698?
1
What is the hundred thousands digit of 3096762?
0
What is the tens digit of 3890344?
4
What is the millions digit of 10244675?
0
What is the tens digit of 860879?
7
What is the tens digit of 936915?
1
What is the thousands digit of 2951178?
1
What is the hundreds digit of 18364740?
7
What is the thousands digit of 58102?
8
What is the ten thousands digit of 191793?
9
What is the hundreds digit of 232961?
9
What is the units digit of 206804?
4
What is the ten thousands digit of 28977176?
7
What is the hundreds digit of 679185?
1
What is the ten thousands digit of 419513?
1
What is the hundred thousands digit of 5507331?
5
What is the units digit of 10895043?
3
What is the thousands digit of 148775?
8
What is the tens digit of 9